{"id":16,"date":"2026-03-27T11:47:12","date_gmt":"2026-03-27T11:47:12","guid":{"rendered":"https:\/\/pepepresuntos.pt\/index.php\/silverstorm\/"},"modified":"2026-03-27T17:59:08","modified_gmt":"2026-03-27T17:59:08","slug":"silverstorm","status":"publish","type":"page","link":"https:\/\/pepepresuntos.pt\/","title":{"rendered":"Home"},"content":{"rendered":"<div data-colibri-id=\"16-c1\" class=\"style-181 style-local-16-c1 position-relative\">\n  <!---->\n  <div data-colibri-component=\"section\" data-colibri-id=\"16-c5\" id=\"about\" class=\"h-section h-section-global-spacing d-flex align-items-lg-center align-items-md-center align-items-end style-187 style-local-16-c5 h-overflow-hidden position-relative\">\n    <div class=\"background-wrapper\">\n      <div class=\"background-layer background-layer-media-container-lg\">\n        <!---->\n        <div class=\"overlay-layer\">\n          <div class=\"overlay-image-layer\" style=\"background-image: linear-gradient(90deg, rgba(0, 0, 0, 0) 0%, rgb(244, 239, 225) 50%);\"><\/div>\n        <\/div>\n      <\/div>\n      <div class=\"background-layer background-layer-media-container-md\">\n        <!---->\n        <div class=\"overlay-layer\">\n          <div class=\"overlay-image-layer\" style=\"background-image: linear-gradient(90deg, rgba(0, 0, 0, 0) 0%, rgb(244, 239, 225) 50%);\"><\/div>\n        <\/div>\n      <\/div>\n      <div class=\"background-layer background-layer-media-container\">\n        <!---->\n        <div class=\"overlay-layer\">\n          <div class=\"overlay-image-layer\" style=\"background-image: linear-gradient(90deg, rgba(0, 0, 0, 0) 0%, rgb(244, 239, 225) 50%);\"><\/div>\n        <\/div>\n      <\/div>\n    <\/div>\n    <!---->\n    <div class=\"h-section-grid-container h-section-boxed-container\">\n      <!---->\n      <div data-colibri-id=\"16-c6\" class=\"h-row-container gutters-row-lg-0 gutters-row-md-0 gutters-row-2 gutters-row-v-lg-0 gutters-row-v-md-0 gutters-row-v-0 style-188 style-local-16-c6 position-relative\">\n        <!---->\n        <div class=\"h-row justify-content-lg-end justify-content-md-end justify-content-center align-items-lg-stretch align-items-md-stretch align-items-stretch gutters-col-lg-0 gutters-col-md-0 gutters-col-2 gutters-col-v-lg-0 gutters-col-v-md-0 gutters-col-v-0\">\n          <!---->\n          <div class=\"h-column h-column-container d-flex h-col-lg-auto h-col-md-auto h-col-auto style-189-outer style-local-16-c7-outer\">\n            <div data-colibri-id=\"16-c7\" class=\"d-flex h-flex-basis h-column__inner h-px-lg-2 h-px-md-2 h-px-0 v-inner-lg-2 v-inner-md-2 v-inner-0 style-189 style-local-16-c7 position-relative\">\n              <!---->\n              <!---->\n              <div class=\"w-100 h-y-container h-column__content h-column__v-align flex-basis-100 align-self-lg-start align-self-md-start align-self-start\">\n                <!---->\n                <div data-colibri-id=\"16-c8\" class=\"h-global-transition-all h-heading style-190 style-local-16-c8 position-relative h-element\">\n                  <!---->\n                  <div class=\"h-heading__outer style-190 style-local-16-c8\">\n                    <!---->\n                    <!---->\n                    <h2 class=\"\">Tradi\u00e7\u00e3o\n                      <br>que Supera<\/h2>\n                  <\/div>\n                <\/div>\n                <div data-colibri-id=\"16-c9\" class=\"h-text h-text-component style-191 style-local-16-c9 position-relative h-element\">\n                  <!---->\n                  <!---->\n                  <div class=\"\">\n                    <p>\n                      <br>\n                    <\/p>\n                    <p>No cora\u00e7\u00e3o de Ma\u00e7\u00e3o, onde o tempo corre devagar e a tradi\u00e7\u00e3o se sente no ar, nasce a Pepe. Fundada nos anos 80, numa terra reconhecida pelos melhores presuntos de Portugal, a Pepe nasce da paix\u00e3o pela arte de curar presuntos, do respeito\n                      pela natureza e do saber de m\u00e3os experientes.<\/p>\n                    <p>Desde o primeiro dia, acredit\u00e1mos que a qualidade n\u00e3o se apressa. Cada presunto come\u00e7a numa sele\u00e7\u00e3o cuidada da mat\u00e9ria-prima e ganha car\u00e1cter ao longo do tempo, no sil\u00eancio dos secadouros, onde tradi\u00e7\u00e3o e paci\u00eancia transformam cada\n                      pe\u00e7a num produto \u00fanico, cheio de sabor e mem\u00f3ria.<\/p>\n                    <p>A tradi\u00e7\u00e3o \u00e9 a nossa base, mas nunca foi um limite. A Pepe evoluiu, inovou e cresceu, mantendo sempre a sua ess\u00eancia. Hoje, integrada no Grupo Globalfer, com vasta experi\u00eancia na transforma\u00e7\u00e3o de carnes, a marca refor\u00e7a a sua vis\u00e3o\n                      de futuro, sem nunca perder as ra\u00edzes que a definem.<\/p>\n                    <p>A Pepe \u00e9 mais do que presuntos. \u00c9 Ma\u00e7\u00e3o, \u00e9 heran\u00e7a, \u00e9 paix\u00e3o, levada todos os dias \u00e0 mesa de quem valoriza autenticidade e qualidade.<\/p>\n                  <\/div>\n                <\/div>\n              <\/div>\n            <\/div>\n          <\/div>\n        <\/div>\n      <\/div>\n    <\/div>\n  <\/div>\n<\/div>","protected":false},"excerpt":{"rendered":"<p>Tradi\u00e7\u00e3o que Supera No cora\u00e7\u00e3o de Ma\u00e7\u00e3o, onde o tempo corre devagar e [&hellip;]<\/p>\n","protected":false},"author":1,"featured_media":0,"parent":0,"menu_order":0,"comment_status":"closed","ping_status":"closed","template":"page-templates\/homepage.php","meta":{"footnotes":""},"class_list":["post-16","page","type-page","status-publish","hentry"],"_links":{"self":[{"href":"https:\/\/pepepresuntos.pt\/index.php\/wp-json\/wp\/v2\/pages\/16","targetHints":{"allow":["GET"]}}],"collection":[{"href":"https:\/\/pepepresuntos.pt\/index.php\/wp-json\/wp\/v2\/pages"}],"about":[{"href":"https:\/\/pepepresuntos.pt\/index.php\/wp-json\/wp\/v2\/types\/page"}],"author":[{"embeddable":true,"href":"https:\/\/pepepresuntos.pt\/index.php\/wp-json\/wp\/v2\/users\/1"}],"replies":[{"embeddable":true,"href":"https:\/\/pepepresuntos.pt\/index.php\/wp-json\/wp\/v2\/comments?post=16"}],"version-history":[{"count":18,"href":"https:\/\/pepepresuntos.pt\/index.php\/wp-json\/wp\/v2\/pages\/16\/revisions"}],"predecessor-version":[{"id":262,"href":"https:\/\/pepepresuntos.pt\/index.php\/wp-json\/wp\/v2\/pages\/16\/revisions\/262"}],"wp:attachment":[{"href":"https:\/\/pepepresuntos.pt\/index.php\/wp-json\/wp\/v2\/media?parent=16"}],"curies":[{"name":"wp","href":"https:\/\/api.w.org\/{rel}","templated":true}]}}